 = -n**2 - 116*n - 31. What is the hundreds digit of j(-43)?
1
Suppose -4*r - 136 = -0. Let b be (r/4)/(2/8). Let m = b + 60. What is the units digit of m?
6
Let g = 2260 - -218. What is the thousands digit of g?
2
Let p(f) be the first derivative of f**5/40 - f**4/8 + 2*f**3/3 + 1. Let k(h) be the third derivative of p(h). What is the tens digit of k(7)?
1
Let q(f) = -6*f + 102. Let l(r) = -5*r + 102. Let p(n) = -5*l(n) + 4*q(n). Let i be p(0). What is the units digit of i*(2 - 14/6)?
4
Let i(x) = -x**3 - 24*x**2 + 28. Let j be i(-24). Suppose -64 - j = -r. What is the tens digit of r?
9
Let v(w) = w**3 - 9*w**2 - 11*w + 23. Let m be v(10). Let q(l) = 2*l**2 - 17*l + 7. What is the units digit of q(m)?
4
Let p be (2 + 34/(-8))/(1/4). Let v(r) = 3*r**2 - 3*r - 13. Let y(u) = 5*u**2 - 7*u - 25. Let d(g) = 7*v(g) - 4*y(g). What is the units digit of d(p)?
7
Let n = 16 - 12. Suppose 0 = 4*o - n*j - 28, 5*o = 4*j + 39 - 6. Suppose 2*f = o*a - 7, 4*f = 5*a - 3*a + 10. What is the units digit of a?
3
Let u(c) = 16*c**2 - c - 12. Let b(x) = -32*x**2 + x + 25. Let r(g) = -4*b(g) - 7*u(g). What is the tens digit of r(3)?
3
Let x be -4 + 15*(-1 + 2). Let s(n) = n**3 - 12*n**2 + n + 14. Let y be s(x). Let k = -64 - y. What is the units digit of k?
2
Let v be (-171)/6 - (15/6 - 2). Let k be (30/7)/((-3)/(-42)). Let f = v + k. What is the tens digit of f?
3
What is the hundreds digit of (-59479)/(-21) + 13/(-3) + 5?
8
Let x be 2/(-4)*8/(-2). Suppose -x*w + 3*w = 5. Suppose w*h - 68 = v - 5*v, -4*h = -v + 17. What is the units digit of v?
7
Let j = 385 + -391. Let v(y) be the third derivative of -y**5/60 - 7*y**4/24 + y**2. What is the units digit of v(j)?
6
Let m(n) = 22*n + 50. What is the tens digit of m(4)?
3
Suppose -m = -4*r - 16, 4*m + 1 - 14 = -r. Suppose 4*x + 4*y = 9*x - 482, -m*y - 12 = 0. What is the tens digit of x?
9
Let d(n) be the second derivative of n**5/20 + 7*n**4/6 - n**3/3 + n**2 + 10*n. Let z be d(-14). Suppose -3*v + z = -2*v. What is the tens digit of v?
3
Suppose -1155 = -22*p + 19*p. What is the tens digit of p?
8
Let t(g) = -4*g - 13. Suppose 5 = -5*n, -o - 5*n = -5*o - 23. Let f be t(o). Suppose 24 = 3*x - f. What is the units digit of x?
3
Let s(r) = 4*r + 1. Let o be s(1). Suppose o*b - 251 + 76 = -2*g, 0 = 5*b - 15. What is the units digit of g?
0
Let o = 3902 - 2766. What is the hundreds digit of o?
1
Let a be -51 - 3/(12/(-8)). Let n be ((-8)/(-14))/((-7)/a). Suppose 1 + 3 = n*d. What is the units digit of d?
1
Suppose -3*k = -4*s + 3*s + 9, -4*s + 3*k = -9. Suppose 177 = 3*r - s*r. What is the tens digit of r?
5
Suppose 0 = -3*m + 2*r - 4 - 11, -3*m - 2*r = 3. Let l(a) = -82*a + 3. Let z be l(m). What is the tens digit of (-16)/104 - z/(-13)?
1
Let z = -5 - -8. Let j(a) be the second derivative of a**5/20 - a**4/12 + 2*a**3/3 - a**2/2 - 66*a. What is the tens digit of j(z)?
2
Let u(q) = 30*q - 1. Let s be u(6). Let v = s - 76. What is the tens digit of v?
0
Let f(x) = x**2 + 4*x - 5. Let u be f(2). Let j = 10 + -9. Let y = u + j. What is the units digit of y?
8
Let l(o) = -o**3 - 12*o + 976. What is the tens digit of l(0)?
7
Let x(d) = 2*d**2 + 48*d + 309. What is the units digit of x(-29)?
9
Suppose 0 = -12*n + 13*n + 1. Let g(y) = -50*y - 5. What is the units digit of g(n)?
5
Let o = -1022 - -2290. What is the hundreds digit of o?
2
Let p(f) = -f - 7. Let h be p(-9). What is the tens digit of (-140)/14*(-61)/h?
0
Suppose -3*c - 165 = 4*b, -5*b - 13 - 42 = c. Let r = c + 80. What is the units digit of r?
5
Let f = 22 - 20. Suppose -3*g - u - 4*u + 111 = 0, -4*g - f*u + 148 = 0. Suppose 7 - g = -2*s. What is the tens digit of s?
1
Let n(p) = 8*p**3 + 12*p**2 - 13*p + 9. Let m(j) = 2*j**3 + 3*j**2 - 3*j + 2. Let c(o) = -9*m(o) + 2*n(o). Let g = -8 + 5. What is the units digit of c(g)?
4
Let y(v) = 2*v**2 + 44*v - 40. What is the hundreds digit of y(9)?
5
Let c(r) = 4*r**2 + 4*r + 23. Let i be c(7). Suppose 0 = -252*y + i*y + 230. What is the units digit of y?
6
Suppose -4*k + 2*c = 966, 6*k + c + 957 = 2*k. What is the units digit of (-30)/(-4)*k/(-50)?
6
Let x(r) = -r**3 + 16*r**2 - 16*r + 15. Let m be x(15). Suppose 0 = 2*j + 4*h - 422, 3*j + m*j - 628 = -5*h. What is the tens digit of j?
0
What is the tens digit of (-48*7/(-70))/(2/1150)?
6
Suppose 15 = 3*k + 2*k. What is the units digit of k?
3
Let n(r) = -r**2 + 11*r. Let x be n(11). Suppose z - 59 - 37 = x. Suppose w - z = -w. What is the units digit of w?
8
Suppose 14533 - 3311 = 31*f. What is the hundreds digit of f?
3
Let r = 166 - -474. What is the hundreds digit of r?
6
Let j(a) = 20*a - 5 - 5 + 6. What is the units digit of j(4)?
6
Let t be (2/(-3))/((-6)/180). What is the units digit of (24/t)/((-3)/(-50))?
0
Suppose -18*p - 4*p + 4202 = 0. What is the hundreds digit of p?
1
Let w(f) = -7*f - 46. Let q be w(4). Let r be 17*-7*(-2)/2. Let p = r + q. What is the units digit of p?
5
Suppose 0 = -4*a + 2*f - 390 + 68, 3*a + 5*f + 222 = 0. Let z = 136 + a. What is the units digit of z?
7
What is the units digit of 8340/132 - 4/22?
3
Let h = 19 - 12. Let n = -1 + h. Suppose -5*i - 5*y = -135, -4*y = i - n*i + 144. What is the units digit of i?
8
Let q(h) = 4*h + 22. Let i be q(-16). What is the hundreds digit of 151 + (24/7 - (-18)/i)?
1
Suppose -v - 3*v + q = -11, -5*q + 21 = -v. Suppose 4 = 4*l - v. Suppose l*s = -15 + 63. What is the tens digit of s?
2
Let u be 4/(-18) + (-1516)/(-18). Let r = u - 39. Suppose 5*l + 3*n - r = 0, 2*l - 4*n + 0*n - 18 = 0. What is the units digit of l?
9
Let c = 532 - 47. What is the units digit of c?
5
Suppose 5*x - k - 145 = -6*k, -k = -4*x + 106. Let n = 88 - x. Suppose -90 = -5*d - 3*z, n = 5*d - 2*z - 29. What is the tens digit of d?
1
Let a = -78 - -124. Suppose 5*g - 314 = a. What is the units digit of g?
2
Suppose -6 = -i - 3*l, i + 4*l - 3 = 6. Let d = i + 6. Suppose d*p = 19 + 41. What is the tens digit of p?
2
Let g(b) = 2*b + 18. Let o be g(-9). Suppose o = 9*r - 14*r + 335. What is the tens digit of r?
6
Let i = -415 - -484. What is the units digit of i?
9
Suppose 4*w = 5*q - 50, 3*w = 4*q - 3*q - 21. Suppose q*p - 3*p = -9, 61 = c + 4*p. What is the tens digit of c?
7
What is the thousands digit of 3 - (4 + (-1201 - -10))?
1
Let k(f) = -3*f - 4. Let n be k(0). What is the units digit of n + 9/3 - -2?
1
Let u(o) = 8*o**3 + 3*o**2 + 4*o - 6. What is the hundreds digit of u(3)?
2
Let r = 1073 - 442. What is the units digit of r?
1
Let d(b) = 507*b**2 + 3*b + 2. What is the thousands digit of d(-2)?
2
Suppose 10*u + 3014 = 12*u. What is the units digit of u?
7
Let x(y) = -y**3 + 19*y**2 + y - 16. Let j be x(19). Suppose -j*s = 4*u - 20, 2*u - s - 12 = -2*s. Suppose -57 = 5*l - u*l. What is the units digit of l?
9
Suppose -2*x - 2*l + 3*l + 1955 = 0, 6 = -2*l. What is the hundreds digit of x?
9
Let o be (-2)/(-7) - 24878/(-49). Let g = o + -355. What is the tens digit of g?
5
Let q = 339 + 161. What is the tens digit of q?
0
Let a(f) = -61*f - 122. What is the hundreds digit of a(-7)?
3
Suppose 0 = -n - 4*o - 78, 2*n = 4*o - 0*o - 144. Suppose 786 = -4*r - 2*r. Let x = n - r. What is the units digit of x?
7
Suppose 3*g + 54 = 5*q, -4*g - 72 = -3*q + 2*q. What is the units digit of (-1)/3 - (3 + 654/g)?
3
Suppose -1465 + 4182 = 3*q - 5*u, u = -2*q + 1794. What is the units digit of q?
9
Let f = 47 - 42. Suppose 0 = -f*v - 5*p + 525, -12 = v - p - 111. What is the hundreds digit of v?
1
Let k = 317 - -104. What is the tens digit of k?
2
Suppose 12 = b + 10. Let w be b/1*(-396)/(-8). Suppose 3*p - 60 - w = 0. What is the tens digit of p?
5
Suppose 0 = 2*i + 3*i - 5*t - 4065, -2 = -2*t. What is the hundreds digit of i?
8
Let h(s) = 10*s. Let k be ((-1)/(-4))/((-3)/(-36)). Let d be h(k). What is the units digit of ((-15)/6)/((-3)/d)?
5
Let h = 30 - 28. Suppose -26 = -h*o + 72. What is the tens digit of o?
4
Suppose 0 = 2*o + 246 - 22. Suppose -5*v - 2 - 8 = 0. What is the units digit of (o/12)/v*6?
8
Let j(u) = 19*u**3 + 9*u**2 - 6*u + 19. What is the thousands digit of j(4)?
1
Let k(v) = -2*v. Let h be k(-2). Suppose 0 = -b + h*b - 84. Let y = b + -6. What is the units digit of y?
2
Let f = 492 - 224. What is the units digit of f?
8
Suppose -202 = 347*m - 349*m. What is the tens digit of m?
0
Suppose 0 = 2*u - 2*c - 2197 + 